{"id":96,"date":"2023-02-13T20:10:41","date_gmt":"2023-02-13T20:10:41","guid":{"rendered":"https:\/\/kameleoni.biz\/?page_id=96"},"modified":"2023-02-27T11:14:09","modified_gmt":"2023-02-27T11:14:09","slug":"per-ne-2","status":"publish","type":"page","link":"https:\/\/kameleoni.biz\/index.php\/per-ne-2\/","title":{"rendered":"P\u00ebr ne"},"content":{"rendered":"\n    \n    <section class=\"u-carousel u-slide u-block-5fad-1\" id=\"carousel_d484\" data-interval=\"5000\" data-u-ride=\"carousel\">\n      <ol class=\"u-absolute-hcenter u-carousel-indicators u-block-5fad-2\">\n        <li data-u-target=\"#carousel_d484\" class=\"u-active u-grey-30\" data-u-slide-to=\"0\"><\/li>\n      <\/ol>\n      <div class=\"u-carousel-inner\" role=\"listbox\">\n        <div class=\"u-active u-carousel-item u-clearfix u-gradient u-section-2-1\">\n          <div class=\"u-clearfix u-sheet u-valign-middle-md u-sheet-1\">\n            <div class=\"u-container-style u-expanded-width u-group u-image u-image-default u-shading u-image-1\" data-image-width=\"4775\" data-image-height=\"3201\" data-animation-name=\"customAnimationIn\" data-animation-duration=\"1000\" data-animation-direction=\"\" style=\"background-image: linear-gradient(0deg, rgba(0, 0, 0, 0.75), rgba(0, 0, 0, 0.75)), url(&quot;https:\/\/kameleoni.biz\/wp-content\/uploads\/2023\/02\/image-windows-morden-office-building-xd-scaled.jpg&quot;);\">\n              <div class=\"u-container-layout u-container-layout-1\">\n                <div class=\"u-custom-color-10 u-shape u-shape-rectangle u-shape-1\"><\/div>\n                <img alt=\"\" class=\"u-align-left u-image u-image-default u-image-2\" src=\"https:\/\/kameleoni.biz\/wp-content\/uploads\/2023\/02\/Zaimi-3.jpg\" data-image-width=\"593\" data-image-height=\"620\" data-animation-name=\"customAnimationIn\" data-animation-duration=\"1000\">\n                <p class=\"u-align-center u-large-text u-text u-text-variant u-text-1\" data-animation-name=\"customAnimationIn\" data-animation-duration=\"1000\">\n                  <br> Kompania ''KAMELEONI'' \u00ebsht\u00eb themeluar nga z.Zaim Istogu,\nEkonomist i Diplomuar n\u00eb Menaxhment,&nbsp;\nprofesionist biznesi me p\u00ebrvoj\u00eb mbi 10 vjeqare t\u00eb pun\u00ebs&nbsp; ne biznes n\u00eb fush\u00ebn e Teknologjis\u00eb Informative\ndhe Telekomunikacionit. Rrug\u00ebtimin ton\u00eb e nis\u00eb\u200bm si ''Urban Tenda\u201c, deg\u00eb e\nkompanis\u00eb ''Urban Tech\u201c shpk, nd\u00ebrsa q\u00eb nga viti 2016 pas riorganizimit t\u00eb\nbrendsh\u00ebm, operojm\u00eb si biznes me emrin ''Kameleoni''.&nbsp;<br>\n                  <br>Fillimisht si&nbsp; biznes\ni vog\u00ebl me num\u00ebr t\u00eb vog\u00ebl t\u00eb punonj\u00ebsve, fal\u00eb angazhimit, kreativitetit,\ncil\u00ebsis s\u00eb produkteve dhe projekteve t\u00eb realizuara nga ne, ne sh\u00ebnuam rritje si\nstaf dhe si kompani, dhe sot lirisht mund t\u00eb themi se jemi kompani lidere n\u00eb\ntregun e Kosov\u00ebs, n\u00eb fush\u00ebn n\u00eb t\u00eb cil\u00ebn operojm\u00eb si biznes.&nbsp;\n                <\/p>\n                <h5 class=\"u-align-center u-text u-text-2\">ZAIM ISTOGU<\/h5>\n                <h6 class=\"u-align-center u-text u-text-3\">CEO, KAMELEONI<\/h6>\n              <\/div>\n            <\/div>\n          <\/div>\n        <\/div>\n      <\/div>\n      <a class=\"u-absolute-vcenter u-carousel-control u-carousel-control-prev u-hidden u-text-grey-30 u-block-5fad-3\" href=\"#carousel_d484\" role=\"button\" data-u-slide=\"prev\">\n        <span aria-hidden=\"true\">\n          <svg class=\"u-svg-link\" viewBox=\"0 0 477.175 477.175\"><path d=\"M145.188,238.575l215.5-215.5c5.3-5.3,5.3-13.8,0-19.1s-13.8-5.3-19.1,0l-225.1,225.1c-5.3,5.3-5.3,13.8,0,19.1l225.1,225\n                    c2.6,2.6,6.1,4,9.5,4s6.9-1.3,9.5-4c5.3-5.3,5.3-13.8,0-19.1L145.188,238.575z\"><\/path><\/svg>\n        <\/span>\n        <span class=\"sr-only\">Previous<\/span>\n      <\/a>\n      <a class=\"u-absolute-vcenter u-carousel-control u-carousel-control-next u-hidden u-text-grey-30 u-block-5fad-4\" href=\"#carousel_d484\" role=\"button\" data-u-slide=\"next\">\n        <span aria-hidden=\"true\">\n          <svg class=\"u-svg-link\" viewBox=\"0 0 477.175 477.175\"><path d=\"M360.731,229.075l-225.1-225.1c-5.3-5.3-13.8-5.3-19.1,0s-5.3,13.8,0,19.1l215.5,215.5l-215.5,215.5\n                    c-5.3,5.3-5.3,13.8,0,19.1c2.6,2.6,6.1,4,9.5,4c3.4,0,6.9-1.3,9.5-4l225.1-225.1C365.931,242.875,365.931,234.275,360.731,229.075z\"><\/path><\/svg>\n        <\/span>\n        <span class=\"sr-only\">Next<\/span>\n      <\/a>\n    <\/section>\n    <section class=\"u-clearfix u-custom-color-10 u-valign-top-xl u-section-3\" id=\"carousel_02f7\">\n      <div class=\"u-black u-container-style u-expanded-width u-group u-shape-rectangle u-group-1\">\n        <div class=\"u-container-layout u-container-layout-1\"><\/div>\n      <\/div>\n      <h2 class=\"u-custom-font u-text u-text-default u-text-font u-text-white u-text-1\">Ne po rritemi vazhdimisht&nbsp;<\/h2>\n      <p class=\"u-text u-text-white u-text-2\"> Sot p\u00ebrveq tregut t\u00eb Kosov\u00ebs, ''KAMELEONI'' eksporton produkte\ndhe realizon projekte edhe n\u00eb shtetet e Bashkimit Europian, me theks t\u00eb veqant\nn\u00eb tregun e Gjermanis\u00eb, Zvicr\u00ebs, Austris\u00eb, Italis\u00eb, dhe shtete tjera, duke\nqen\u00eb&nbsp; k\u00ebshtu protagonist t\u00eb realizimit t\u00eb\nshum\u00eb projekteve t\u00eb sukseshme, me nj\u00eb cil\u00ebsi t\u00eb pranuar dhe aplikuar simbas\nstandardeve t\u00eb EU-s\u00eb.&nbsp;<\/p>\n      <div class=\"u-list u-list-1\">\n        <div class=\"u-repeater u-repeater-1\">\n          <div class=\"u-container-style u-list-item u-radius-20 u-repeater-item u-shape-round u-white u-list-item-1\" data-animation-name=\"flipIn\" data-animation-duration=\"1000\" data-animation-direction=\"X\">\n            <div class=\"u-container-layout u-similar-container u-container-layout-2\">\n              <h3 class=\"u-text u-text-default u-text-3\">Misioni<\/h3>\n              <p class=\"u-text u-text-4\"> Misioni yn\u00eb \u00ebsht\u00eb p\u00ebrmir\u00ebsimi i vazhduesh\u00ebm i burimeve t\u00eb\nbrendshme, me q\u00ebllim q\u00eb t\u00eb kuptojm\u00eb m\u00eb&nbsp; mir\u00eb nevojat dhe k\u00ebrkesat e\nklient\u00ebve dhe ambientit n\u00eb t\u00eb cilin operojm\u00eb, p\u00ebrderisa jami t\u00eb p\u00ebrkushtuar n\u00eb\npartneritete t\u00eb pun\u00ebs q\u00eb shtojn\u00eb vler\u00ebn, dhe n\u00eb m\u00ebnyr\u00eb t\u00eb q\u00ebndrueshme na\nlejojn\u00eb t\u00eb ecim p\u00ebrpara.&nbsp; &nbsp;<\/p>\n            <\/div>\n          <\/div>\n          <div class=\"u-container-style u-list-item u-radius-20 u-repeater-item u-shape-round u-white\" data-animation-name=\"flipIn\" data-animation-duration=\"1000\" data-animation-direction=\"X\">\n            <div class=\"u-container-layout u-similar-container u-container-layout-3\">\n              <h3 class=\"u-text u-text-default u-text-5\">Vizioni<\/h3>\n              <p class=\"u-text u-text-6\"> Duke p\u00ebrdor\u00eb diturin\u00eb, kreativitetin, p\u00ebrvoj\u00ebn dhe dedikimin e\nstafit, Kameleoni synon t\u00eb mbetet lider ne industrine e produkteve te aluminit,\nkonkretisht n\u00eb prodhimin e produkteve p\u00ebr terasa, gjithmon\u00eb duke kultivuar\nstandarde t\u00eb larta t\u00eb cil\u00ebsis\u00eb dhe estetik\u00ebs.<\/p>\n            <\/div>\n          <\/div>\n          <div class=\"u-container-style u-list-item u-radius-20 u-repeater-item u-shape-round u-white\" data-animation-name=\"flipIn\" data-animation-duration=\"1000\" data-animation-direction=\"X\">\n            <div class=\"u-container-layout u-similar-container u-container-layout-4\">\n              <h3 class=\"u-text u-text-default u-text-7\">Vlerat<\/h3>\n              <p class=\"u-text u-text-8\"> Partner i sigurt, lider n\u00eb ofrimin e produkteve cil\u00ebsore p\u00ebr terasa,\np\u00ebrvoj\u00eb dhe profesionaliz\u00ebm i d\u00ebshmuar n\u00eb shum\u00eb projekte t\u00eb realizuara brenda\ndhe jasht\u00eb Kosov\u00ebs. Teknologjia m\u00eb moderne e pun\u00ebs, aplikimi i standardeve m\u00eb\nt\u00eb larta t\u00eb cil\u00ebsis\u00eb t\u00eb cilat aplikohen n\u00eb shtetet e Bashkimit Europian, stafi\nprofesional.<\/p>\n            <\/div>\n          <\/div>\n        <\/div>\n      <\/div>\n    <\/section>\n    \n    \n    \n    \n  \n","protected":false},"excerpt":{"rendered":"<p>Kompania &#8221;KAMELEONI&#8221; \u00ebsht\u00eb themeluar nga z.Zaim Istogu, Ekonomist i Diplomuar n\u00eb Menaxhment,&nbsp; profesionist biznesi me p\u00ebrvoj\u00eb mbi 10 vjeqare t\u00eb pun\u00ebs&nbsp; ne biznes n\u00eb fush\u00ebn e Teknologjis\u00eb Informative dhe Telekomunikacionit. Rrug\u00ebtimin ton\u00eb e nis\u00eb\u200bm si &#8221;Urban Tenda\u201c, deg\u00eb e kompanis\u00eb &#8221;Urban Tech\u201c shpk, nd\u00ebrsa q\u00eb nga viti 2016 pas riorganizimit t\u00eb brendsh\u00ebm, operojm\u00eb si biznes &hellip; <a href=\"https:\/\/kameleoni.biz\/index.php\/per-ne-2\/\" class=\"more-link\">Continue reading<span class=\"screen-reader-text\"> &#8220;P\u00ebr ne&#8221;<\/span><\/a><\/p>\n","protected":false},"author":1,"featured_media":0,"parent":0,"menu_order":0,"comment_status":"closed","ping_status":"closed","template":"","meta":{"om_disable_all_campaigns":false,"_monsterinsights_skip_tracking":false,"_monsterinsights_sitenote_active":false,"_monsterinsights_sitenote_note":"","_monsterinsights_sitenote_category":0},"aioseo_notices":[],"_links":{"self":[{"href":"https:\/\/kameleoni.biz\/index.php\/wp-json\/wp\/v2\/pages\/96"}],"collection":[{"href":"https:\/\/kameleoni.biz\/index.php\/wp-json\/wp\/v2\/pages"}],"about":[{"href":"https:\/\/kameleoni.biz\/index.php\/wp-json\/wp\/v2\/types\/page"}],"author":[{"embeddable":true,"href":"https:\/\/kameleoni.biz\/index.php\/wp-json\/wp\/v2\/users\/1"}],"replies":[{"embeddable":true,"href":"https:\/\/kameleoni.biz\/index.php\/wp-json\/wp\/v2\/comments?post=96"}],"version-history":[{"count":38,"href":"https:\/\/kameleoni.biz\/index.php\/wp-json\/wp\/v2\/pages\/96\/revisions"}],"predecessor-version":[{"id":1354,"href":"https:\/\/kameleoni.biz\/index.php\/wp-json\/wp\/v2\/pages\/96\/revisions\/1354"}],"wp:attachment":[{"href":"https:\/\/kameleoni.biz\/index.php\/wp-json\/wp\/v2\/media?parent=96"}],"curies":[{"name":"wp","href":"https:\/\/api.w.org\/{rel}","templated":true}]}}